5578, -5*v + 2*j + 266928 = 0. What is the ten thousands digit of v?
5
Let a be 6/2 - 2 - -14. Let g(x) = -37*x - 17*x**3 - 2*x**3 - 12*x**3 + 26 + 18*x**2 + 30*x**3. What is the hundreds digit of g(a)?
1
Let g(t) = 121*t - 358. What is the tens digit of g(51)?
1
Let i = 57 - -4. Suppose -2*c = -i + 41. Suppose 3*w + 77 = c*w. What is the units digit of w?
1
Suppose 3*x + 5*b - 519 = 0, 4*x + 0*b - 697 = -5*b. Let a = 90 - 151. Let h = a + x. What is the units digit of h?
7
Let f(o) = 5*o**2 - 201*o - 201. What is the tens digit of f(47)?
9
Let c(p) = -2*p + 15. Suppose -4*x - 3*o - 13 = -4*o, -4*o + 16 = -4*x. Let r be x + (6 - (3 + 2 + -2)). What is the tens digit of c(r)?
1
Suppose 3*r = 3*w + 5840 + 3094, -2*r - 2*w = -5932. What is the tens digit of r?
7
Let r(u) = -u**2 - 17*u - 17. Let x be r(-16). Let h = x - -3. What is the units digit of 4 + -3 + h + 44?
7
Let w(r) = 14*r - 94. Let c be w(7). Suppose -d - 4*l = -100, 25 = c*l + l. What is the tens digit of d?
8
Let c(v) = -381*v - 2992. What is the units digit of c(-21)?
9
Suppose 2*t - 4*p + 6613 = 52807, 5*t = 5*p + 115475. What is the ten thousands digit of t?
2
Suppose -4*p + 39 = -37. Suppose -p = -5*f + 16. Suppose f*v - 91 = 77. What is the tens digit of v?
2
Suppose -4*h + 17008 = -14284. What is the hundreds digit of h?
8
Let u = -1692 + -4134. What is the tens digit of u/9*6/(-4)?
7
Suppose 28668351 = 30*n + 282*n + 6666423. What is the ten thousands digit of n?
7
Let z(c) = c**2 - 18*c + 7. Let l be z(18). Suppose l*o - 2*o - 10 = 0. What is the units digit of (1/o)/(5 - 596/120)?
5
Suppose 0 = -15*b + 28*b - 754. Suppose -170 - 2 = -4*a. Let o = b - a. What is the units digit of o?
5
Let o(n) = -n**2 + 27*n - 87. Let d be 26 - 14 - (-6)/2. What is the tens digit of o(d)?
9
Let q(l) = 60*l**2 - 7*l + 5. What is the hundreds digit of q(7)?
8
Let z be ((-15)/(-40) + (-2)/(-16))*0. Suppose -10*r + 4323 + 417 = z. What is the tens digit of r?
7
Suppose -34*t + 8681 + 7775 = 0. What is the tens digit of t?
8
What is the units digit of -8 - -10 - -779*12 - (11 + -10)?
9
Let z(v) = -v**3 + 5*v**2. Let r be z(5). Suppose r = 3*x - 2*o - 2182, -2*x = -4*x - 4*o + 1476. What is the tens digit of x?
3
Let r = -28 - -26. What is the tens digit of r/5 - (-8)/(280/12159)?
4
Let p be 1*(-3)/((-12)/(-4)) - -3. Suppose 369 - 623 = -p*s. What is the tens digit of s?
2
Suppose -20*t - 4397 - 8843 = 0. Let d = t - -1062. What is the units digit of d?
0
Suppose 0 = w + 2 - 7. Suppose -w*p + 7 + 8 = 0. Suppose -p*c = -c + 2*d - 52, -c = -d - 16. What is the tens digit of c?
2
Let x be 4/22 - 126/(-33). Suppose o - 289 = -2*h, -x + 6 = -h. What is the units digit of o?
3
Suppose -2*r - 4*v + 68 = 0, 15*r - 16*r = 3*v - 36. Let q be (3 - -1)/(0 + 2). Suppose q*n + r = 286. What is the hundreds digit of n?
1
Let r(n) = -n**3 - 4*n**2 - n - 5. Let b be r(-4). Let u(l) = -7 - 18 - 15 - 84*l + 43. What is the units digit of u(b)?
7
Let g(y) = y**3 + 9*y**2 - 20*y + 24. Let p be g(-11). What is the thousands digit of (34/p - 3)/(40/2980)?
1
Suppose -18*c = -4009 - 20021. What is the units digit of c?
5
Let l = -49 - -63. Let a = l - 12. What is the units digit of (-150)/(-12) - ((-5)/a)/5?
3
Suppose 3*z = 2*k + 2*z - 31, -18 = -k + z. Suppose m = -25 + k. What is the units digit of (0 - -12)*(-222)/m?
2
Suppose 1 = -3*h + 3*f - 8, -h = -3*f + 13. Let g = 4 + -1. Suppose -g*l - 3*t = -0*l - 294, -h*t - 4 = 0. What is the hundreds digit of l?
1
Let n = 17 - 14. Let o be 1200/(-18)*-3*n. Suppose -3*p = -4*q - 0*p + o, -q + 169 = 4*p. What is the units digit of q?
3
Suppose 2*q + 2*p - 8 = 0, 4 + 8 = 3*p. Suppose q = -5*j + 6132 - 1297. What is the units digit of j?
7
Let f(q) = 39*q - 157. Let s be f(7). Suppose s - 4120 = -11*m. What is the units digit of m?
4
Suppose 30*f = 15*f - 31*f + 7590. What is the units digit of f?
5
Let c = 46 + -42. Suppose k + 18 = c*k. Suppose -k*n - 1793 = -17*n. What is the hundreds digit of n?
1
Suppose -32*z + 325616 = 32*z - 17*z. What is the units digit of z?
8
Let w = -5189 - -13791. What is the units digit of w?
2
Let t(d) be the first derivative of -d**3 - 10*d**2 + 25*d + 14. Let x(m) be the first derivative of t(m). What is the units digit of x(-8)?
8
Suppose -39*k - 24065 = -42*k + 4*i, -2*i + 40065 = 5*k. What is the thousands digit of k?
8
Let x(f) = 8*f + 75. Let m be x(-9). Suppose -5*a + 1152 + 553 = m*p, 2*p - 3*a - 1105 = 0. What is the units digit of p?
0
Let j(c) be the third derivative of 7*c**5/60 - c**4/6 + 5*c**3/2 - 31*c**2. Let r be j(7). Let a = 558 - r. What is the hundreds digit of a?
2
Let c = 539 + 46654. What is the hundreds digit of c?
1
Let v = 480 - -116. Let r = v + -400. What is the hundreds digit of r?
1
Suppose 10614305 + 10250824 = 698*s + 5337421. What is the units digit of s?
6
Suppose 53 = 4*u - 371. Let z = 9 + -4. Suppose -z*a = -5*c - u - 274, -10 = -5*c. What is the units digit of a?
8
Let l = -67 + 69. Let z be ((-48)/l)/(-4 - -3). Suppose -6*t + 186 = -z. What is the tens digit of t?
3
Suppose -3*n = 4*a - 2 - 4, a - 2*n - 7 = 0. Suppose -5*k + 256 = -2*s, 2*k = -a*s + 76 + 15. What is the units digit of k?
0
Let x = -175 + 180. Suppose x*p - 5*r + 2 = 2*p, -2*p = -2*r - 4. What is the units digit of p?
6
Let k(d) = d**2 - 3*d - 10. Suppose -4*q + 9 + 3 = 0. Suppose 0*a - q*c = 3*a - 27, -3*a + 19 = -5*c. What is the units digit of k(a)?
0
Suppose x - 3*q = 2*q + 18, -5*q = 5*x + 30. Let p(v) = 9*v + 35. Let g(h) = 19*h + 71. Let c(j) = x*g(j) + 5*p(j). What is the tens digit of c(8)?
8
Let s be (-3)/(7*(-3)/(-4760)). Let k = s + 1476. What is the units digit of k?
6
Suppose 4*m - 45 = 9*m. Let z(h) = -2*h**3 - 17*h**2 + 10*h + 12. Let p be z(m). Let o(t) = 3*t**3 + t**2 - 2*t - 3. What is the tens digit of o(p)?
8
Suppose 10937 = d + 2*i - 7*i, -4*d - 4*i = -43748. What is the tens digit of d?
3
What is the hundreds digit of (-93)/((-4)/(-12)*(-162)/2880)?
9
Suppose 0 = -105*z + 101*z - 28. What is the hundreds digit of 1170/15*z/(21/(-30))?
7
Suppose -47*v + 43*v = -8. Suppose 342 = 3*l + v*l - 2*i, 86 = l + 4*i. Suppose -3*k + 232 = 2*y, 3*k - 5*y - l = 190. What is the units digit of k?
0
Let i = 3 + 10. Suppose 4*l - 3 = i. What is the tens digit of 62 - 0*(3 - l)?
6
Suppose 10*d + 11848 + 10102 = 0. Let k = d - -3247. What is the units digit of k?
2
Let c(r) = 20*r**2 - 5*r + 3. Let m = -38 + 43. Let i be c(m). Suppose 5*n - i + 78 = 0. What is the tens digit of n?
8
Suppose -361370 = -109*b + 939000. What is the thousands digit of b?
1
What is the hundreds digit of (6 - 288/80)*(-26030)/(-4)?
6
Suppose 25*d + 20238 = 30*d - 2*w, -12168 = -3*d - 3*w. What is the hundreds digit of d?
0
Suppose -24*m + 2152 = -16*m. Suppose 0 = -5*c + 4*i + 437, -m = -4*c + c - i. What is the tens digit of c?
8
Suppose -2*r = -5*h - 72446, h = 157*r - 152*r - 181138. What is the hundreds digit of r?
2
Let g(x) = 28*x**2 - 479*x + 29. What is the thousands digit of g(35)?
7
Suppose -16*y = -20*y + 4*g + 112100, -3*y + 84040 = 4*g. What is the tens digit of y?
2
Let a be (-2 + 1)*(1 + -3). Suppose -a*q + 5*f = 38, -2*q - 22 = -2*f + f. Let m(o) = o**3 + 11*o**2 + 6*o - 5. What is the units digit of m(q)?
3
Let n = 276 + -273. Suppose -n*o - 3*r + 1383 = 0, -5*o = -r - 3*r - 2287. What is the hundreds digit of o?
4
Suppose d + 13*t - 66 = 12*t, 3*d + 5*t = 192. Let g = d - -1. What is the units digit of g?
0
Let v(s) = -s**3 + 7*s**2 - 7*s + 13. Let k be (-132)/(-13) + -4 - 4/26. Let q be v(k). Suppose q = 4*m - 113. What is the units digit of m?
0
Let i be (27/18 - 3)/((-3)/8). Suppose 0 = -2*p - 5*w + 1437, i*p - 2*w + w - 2885 = 0. What is the units digit of p?
1
Suppose -j = 3, -l + 0*l - 6 = 3*j. Suppose 10 + 0 = l*a + 5*k, 4*a = -4*k + 16. Suppose 5*x - 40 = -4*h, -9*x = -4*h - a*x + 76. What is the tens digit of h?
1
Let x(g) be the first derivative of -g**4/4 + 5*g**3 + g**2/2 + 34*g + 2. Let u = 213 - 198. What is the units digit of x(u)?
9
Suppose 2*j = 5*s + 1221 + 1406, -3*s = -4*j + 1565. Let x = s + 2428. What is the tens digit of x?
0
Let l = -1395 - -3103. Let n be (0 - 3/2)/((-21)/l). What is the tens digit of (-1 - n/(-4))*2?
5
Suppose 0 = -13*d + 3*d + 20. Suppose -d*s - 84 = -354. What is the units digit of 1 - (s/(